11a0
In base 14, what is 0 - 7432b8?
-7432b8
In base 16, what is 1a8947e - -1?
1a8947f
In base 16, what is 3 + 7761e2?
7761e5
In base 12, what is 115528 - -356?
115882
In base 14, what is 3 + -1204bc63?
-1204bc60
In base 5, what is 240004044 - -104?
240004203
In base 2, what is 10010111101110 - -111001001000?
11010000110110
In base 14, what is 5398a4 - -50?
539914
In base 13, what is -45abc - -a1?
-45a1b
In base 4, what is -1131010331 + -11230?
-1131022221
In base 12, what is -1 + -17103b6?
-17103b7
In base 13, what is 91 - 11415?
-11354
In base 11, what is 5 + -170484?
-17047a
In base 13, what is 962864 - b?
962856
In base 11, what is -12 + 1878821?
187880a
In base 10, what is 20 - -3284471?
3284491
In base 3, what is -1 + -12002210020222?
-12002210021000
In base 4, what is 10121200111 - 131?
10121133320
In base 14, what is 5c9 + -20a55?
-2046a
In base 16, what is 25 - 5ac?
-587
In base 6, what is -1505 - -232540?
231031
In base 10, what is -4 - 16677614?
-16677618
In base 11, what is 6 - 396a55?
-396a4a
In base 5, what is 10 + -13322442042?
-13322442032
In base 2, what is 1100000011110101011100010 - 10?
1100000011110101011100000
In base 13, what is 5c44cb - 4?
5c44c7
In base 14, what is -50b7a33 - -2?
-50b7a31
In base 11, what is -115769a8 + -1?
-115769a9
In base 9, what is 1 - 260668772?
-260668771
In base 11, what is -2 + 17a01a8?
17a01a6
In base 10, what is -13 - 9673194?
-9673207
In base 9, what is 258204 + -68?
258125
In base 10, what is 1 - -2649184?
2649185
In base 12, what is -4 + -1828747?
-182874b
In base 4, what is -103332200 - -1102?
-103331032
In base 11, what is 88a78 - 843?
88235
In base 3, what is -1022011 - 11200022012?
-11201121100
In base 8, what is 724116 - 42?
724054
In base 5, what is 114011 + -13341201?
-13222140
In base 14, what is 134db - 13aa?
12131
In base 12, what is -17b4 + -208?
-1a00
In base 13, what is 1511606 + 1?
1511607
In base 15, what is -4 - -dc1ea?
dc1e6
In base 3, what is -112012220 + -2222112201?
-10111202121
In base 4, what is -3311022 + 13302?
-3231120
In base 14, what is 6007340 - 5?
6007339
In base 10, what is -25629714 - -3?
-25629711
In base 4, what is 10 + -3220031212332?
-3220031212322
In base 10, what is -180165 - 86?
-180251
In base 5, what is 10114 + 1101241?
1111410
In base 2, what is -110010010011001010010100 + -1?
-110010010011001010010101
In base 11, what is 11 - 448a142?
-448a131
In base 10, what is -3 + -6473555?
-6473558
In base 15, what is 3 - 3aa646?
-3aa643
In base 5, what is -1 + 102100032231?
102100032230
In base 6, what is -34542241 + 12?
-34542225
In base 13, what is -29670 - 9?
-29679
In base 4, what is -33 + 1300113333102?
1300113333003
In base 14, what is d1575 - -31?
d15a6
In base 10, what is 5 + -1865353?
-1865348
In base 3, what is -12 - 22201011021021110?
-22201011021021122
In base 7, what is 12365 + -35306?
-22611
In base 8, what is -1711 - -76237?
74326
In base 7, what is -5 - -16404511?
16404503
In base 7, what is 2104015431 - -2?
2104015433
In base 5, what is -130040 - -31312?
-43223
In base 13, what is 17b7 - -2920?
4407
In base 9, what is -155428326 - 1?
-155428327
In base 15, what is -98b017 - -3?
-98b014
In base 8, what is -335167666 + 3?
-335167663
In base 2, what is -1000101110011001100111101 - 100000?
-1000101110011001101011101
In base 16, what is -ac9a86 + 1?
-ac9a85
In base 5, what is -214103334 - -14001?
-214034333
In base 6, what is 3 - -3303555201?
3303555204
In base 6, what is 1045331300 - -113?
1045331413
In base 15, what is 2829 + 5ca0?
85c9
In base 13, what is -62b1 - b0b?
-70bc
In base 16, what is -aef - -11245?
10756
In base 14, what is 6853 + -95?
679c
In base 4, what is -312000011 + 112022?
-311221323
In base 5, what is 3400344 - 1030141?
2320203
In base 11, what is -33 - 20945?
-20978
In base 11, what is 6 + 11630640?
11630646
In base 16, what is -62f26c - -75?
-62f1f7
In base 9, what is -553065 + 54?
-553011
In base 10, what is -13282850 + 7?
-13282843
In base 9, what is 1224834 + 12?
1224846
In base 12, what is -16 - -85586?
85570
In base 5, what is -3 - 3420114003?
-3420114011
In base 9, what is -80 - 52337?
-52427
In base 8, what is 62 + 32746613?
32746675
In base 8, what is 0 + -40471464?
-40471464
In base 12, what is -2488 - 27b64?
-2a430
In base 13, what is 13725 + -316?
1340c
In base 15, what is -26 - -946cbe?
946c98
In base 11, what is -2 + 105948538?
105948536
In base 15, what is -4de1d8 - 1dc?
-4de3c5
In base 6, what is 110425402423 - 4?
110425402415
In base 11, what is 2101087a + 2?
21010881
In base 4, what is 330223220020 - -1?
330223220021
In base 3, what is -1020 - -1002002210022?
1002002202002
In base 2, what is 1100101000000001101110001 + -101?
1100101000000001101101100
In base 4, what is -1011 + 2233332011?
2233331000
In base 5, what is 43132 - 144411?
-101224
In base 15, what is 1 + a836ed0?
a836ed1
In base 16, what is -c7 - 3c68f?
-3c756
In base 8, what is -1 + -14450343?
-14450344
In base 5, what is 24224133312 - 10?
24224133302
In base 15, what is -730 + 6cb97?
6c467
In base 4, what is 303113 + 1000022?
1303201
In base 14, what is -12826cc - -2?
-12826ca
In base 3, what is 0 - -110111212221220?
110111212221220
In base 16, what is dd - 2fd8?
-2efb
In base 14, what is 261 + 2a769?
2a9ca
In base 11, what is 120a4 + -4845?
835a
In base 10, what is 17 + -33339679?
-33339662
In base 15, what is e8c4bca + 3?
e8c4bcd
In base 10, what is 1 - 9694102?
-9694101
In base 4, what is 3 - 1130231203010?
-1130231203001
In base 14, what is 1120dd7 - 1?
1120dd6
In base 4, what is -2110211 - -1223033?
-221112
In base 4, what is -21331121 + -332?
-21332113
In base 5, what is 4 + -4304041200?
-4304041141
In base 16, what is 1e7a6d + b?
1e7a78
In base 8, what is -12503447 + -2?
-12503451
In base 10, what is -4 - 10386455?
-10386459
In base 10, what is 4 - 6353932?
-6353928
In base 3, what is -11221202021120 + -2001?
-11221202100121
In base 13, what is -b288 - -296?
-acc2
In base 2, what is -10001010000100011 + 10000011010010?
-1111001101010001
In base 3, what is 10 - 1220111021000112?
-1220111021000102
In base 8, what is 25345261 - -3?
25345264
In base 10, what is 4 + -16179667?
-16179663
In base 15, what is -230d240 + -d?
-230d24d
In base 4, what is -22113011 + -10312?
-22123323
In base 4, what is -103 + 21313330322?
21313330213
In base 9, what is 2 - -26303311?
26303313
In base 5, what is 2022134 + 121141?
2143330
In base 10, what is -1476 + 91378?
89902
In base 16, what is 688d5 - -29?
688fe
In base 12, what is 377011 + 41?
377052
In base 9, what is -457368 - -25?
-457343
In base 4, what is -10320020002 - -3?
-10320013333
In base 11, what is 3 + -3291404?
-3291401
In base 9, what is -3744773 + -126?
-3745010
In base 9, what is 2 + 15506413?
15506415
In base 7, what is -216 - -314651?
314432
In base 7, what is -41005 + 31643?
-6032
In base 9, what is 70 + -46875?
-46805
In base 10, what is -310 - 266836?
-267146
In base 8, what is -1034 - -137253?
136217
In base 13, what is 5c429a + 13?
5c42b0
In base 2, what is -10000011 - 110111110100000111011?
-110111110100010111110
In base 4, what is 32212 - -11233?
110111
In base 4, what is -23103003 - -1003?
-23102000
In base 4, what is -1130210230221 + -12?
-1130210230233
In base 3, what is 0 + 120201002100200?
120201002100200
In base 12, what is 882 - -b3a4?
10066
In base 12, what is a + -5113b?
-51131
In base 16, what is 6 - -5798cd?
5798d3
In base 5, what is 10034044203 - 1?
10034044202
In base 9, what is 3 - -134258407?
134258411
In base 2, what is 1001110011 + -10100100001001?
-10011010010110
In base 12, what is -4 - -4921452?
492144a
In base 7, what is 54 - -15101664?
15102051
In base 9, what is 35 - -4718502?
4718537
In base 10, what is 1331539 + 217?
1331756
In base 6, what is -4254051 - 201?
-4254252
In base 2, what is 1110001110011010101 + -1111100?
1110001110001011001
In base 6, what is 142 + -303252?
-303110
In base 13, what is -a959 - 264?
-abc0
In base 5, what is 12 - -24340200?
24340212
In base 3, what is -202021202012 + 20?
-202021201222
In base 16, what is -b - -14e29a?
14e28f
In base 12, what is 15964a1 + 6?
15964a7
In base 7, what is -252631 + -263?
-253224
In base 8, what is -2 + 1032230366?
1032230364
In base 16, what is 1ad1891 - 2?
1ad188f
In base 5, what is 30 + 4110434?
4111